6, what is 42041 + 1?
42042
In base 13, what is -11 - ba0?
-bb1
In base 16, what is 26 + 480?
4a6
In base 13, what is 4 - 4acba?
-4acb6
In base 15, what is -c8 - 2d01?
-2dc9
In base 15, what is -90 + 3?
-8c
In base 15, what is 19a2 - 1a?
1987
In base 12, what is 6a567 - 1?
6a566
In base 6, what is 1331220 + -40?
1331140
In base 14, what is -24cc2 + 1?
-24cc1
In base 8, what is 23 + 15?
40
In base 9, what is -1065 - -60?
-1005
In base 13, what is 3 + c418?
c41b
In base 13, what is -536 + 20b?
-328
In base 16, what is 375 - 986?
-611
In base 15, what is -3db + -6a6?
-a92
In base 3, what is 110200 + 211?
111111
In base 8, what is 0 + 1060367?
1060367
In base 16, what is 1 - 17f6?
-17f5
In base 6, what is 34104 - -11?
34115
In base 8, what is 327470 - 3?
327465
In base 15, what is -284 - -d0?
-1a4
In base 2, what is -100001011110100 + 110011?
-100001011000001
In base 7, what is 65 + 104314?
104412
In base 10, what is 2514 - -22?
2536
In base 9, what is -48 + -6184?
-6243
In base 5, what is -12 - -100043?
100031
In base 10, what is 0 + -12177?
-12177
In base 12, what is 455b + -333?
4228
In base 15, what is -a814 + 0?
-a814
In base 4, what is 12 - -3022002?
3022020
In base 12, what is 1 + 1477a?
1477b
In base 5, what is 1001243140 + 4?
1001243144
In base 16, what is -4f8db + 5?
-4f8d6
In base 5, what is -30231113 - -1?
-30231112
In base 9, what is 1281451 + -1?
1281450
In base 8, what is 17042 + 2?
17044
In base 8, what is -21261717 + -1?
-21261720
In base 5, what is 122330420 + -3?
122330412
In base 13, what is 154b - -57?
15a5
In base 10, what is 5624 + 30?
5654
In base 10, what is -2263 - 150?
-2413
In base 8, what is 2755 + -61?
2674
In base 13, what is 45427 - -5?
4542c
In base 12, what is 5 + 18079?
18082
In base 16, what is -37c - -9a?
-2e2
In base 5, what is 1314 - 400?
414
In base 3, what is -11 + -120110200002?
-120110200020
In base 10, what is 433 - 24?
409
In base 9, what is 384 - 326?
57
In base 4, what is 3 - -1023111?
1023120
In base 9, what is -4 - -118684?
118680
In base 13, what is 5b55 - -41?
5b96
In base 6, what is 2 + -15210134?
-15210132
In base 11, what is -15a0 - 20?
-1610
In base 13, what is 4 - 224659?
-224655
In base 4, what is 203 - 1133?
-330
In base 7, what is 34245 - -155?
34433
In base 15, what is -9 - 1489?
-1493
In base 2, what is 110 - 1101000100010?
-1101000011100
In base 3, what is -21201212 + 0?
-21201212
In base 4, what is -2213103 - -223?
-2212220
In base 8, what is 11 + 4237?
4250
In base 7, what is 5040234 - 3?
5040231
In base 11, what is 823 + 1a?
842
In base 7, what is -1 + 2416631?
2416630
In base 6, what is 13543 - -120?
14103
In base 13, what is -241671 - -2?
-24166c
In base 11, what is 559 + a2?
650
In base 7, what is -3 - 451243?
-451246
In base 7, what is -1 - 2202144?
-2202145
In base 5, what is -1 + -1342311?
-1342312
In base 11, what is 25680 + -133?
25548
In base 3, what is -2001 + 1022101110?
1022022102
In base 15, what is -4cbcc + 0?
-4cbcc
In base 8, what is -1 - -1267614?
1267613
In base 15, what is c933 - -3?
c936
In base 2, what is -100 + -1000010101110100011110?
-1000010101110100100010
In base 14, what is 3092 - -1?
3093
In base 10, what is -357 - 51?
-408
In base 15, what is -34 + -2573?
-25a7
In base 13, what is -2 - -a62c5?
a62c3
In base 7, what is 41 - 133604?
-133533
In base 3, what is 100100221 + -12020?
100011201
In base 10, what is 8 - -42393?
42401
In base 16, what is -1 + -24c86?
-24c87
In base 11, what is -1175 - 44?
-1209
In base 13, what is -1309 - 78?
-1384
In base 14, what is -d429 + -3?
-d42c
In base 13, what is -241 - -78c?
54b
In base 4, what is 11 - -1012032222?
1012032233
In base 12, what is -6b6a + -1?
-6b6b
In base 13, what is 415 + -2c9?
119
In base 8, what is 42 - -41717?
41761
In base 12, what is 3 - -284a0?
284a3
In base 13, what is 224229 + -5?
224224
In base 13, what is -4 - -67c79?
67c75
In base 5, what is 4 + 24224011?
24224020
In base 11, what is 5 + 83595?
8359a
In base 6, what is -42324 + 131?
-42153
In base 14, what is 195558 + -4?
195554
In base 15, what is -49c - -501?
54
In base 9, what is 10308 - -65?
10374
In base 5, what is -10 + 4142201?
4142141
In base 4, what is 11 - -3320033?
3320110
In base 15, what is -46c + 21?
-44b
In base 14, what is 315 + -2c4?
31
In base 4, what is -123 + -132332?
-133121
In base 5, what is 34004042 + -1?
34004041
In base 4, what is 0 + -1000031201?
-1000031201
In base 10, what is 9681 - 144?
9537
In base 14, what is -522 + a?
-516
In base 8, what is -1132 - -1166?
34
In base 5, what is 1043 - -33434?
40032
In base 10, what is -275 + -149?
-424
In base 9, what is 18 + 4215?
4234
In base 10, what is -6854 - -41?
-6813
In base 6, what is -101 + 5413?
5312
In base 14, what is 9 - 11390?
-11385
In base 4, what is -3 + 3231233?
3231230
In base 7, what is 50 + 1412?
1462
In base 15, what is 6465a - 7?
64653
In base 12, what is -372 + -5b5?
-967
In base 13, what is -30 + 2ba?
28a
In base 11, what is 2 - -5112?
5114
In base 12, what is 1 - 10b812?
-10b811
In base 16, what is -b81b3 + -3?
-b81b6
In base 14, what is -647 + -55?
-69c
In base 5, what is 311 + 131122?
131433
In base 2, what is -100 - 1100101110000?
-1100101110100
In base 10, what is 437663 + -1?
437662
In base 13, what is 19 - b22?
-b06
In base 11, what is 3 + 89800?
89803
In base 8, what is 11 + 46122?
46133
In base 4, what is -131022 - -1?
-131021
In base 6, what is -1212314 + 3?
-1212311
In base 10, what is -78482 - -1?
-78481
In base 11, what is 20 + -127?
-107
In base 9, what is 83170 - 1?
83168
In base 4, what is -33201 - 110?
-33311
In base 5, what is 331033 - -30?
331113
In base 3, what is 220 - -2201201122?
2201202112
In base 15, what is -6 - 2bd5e?
-2bd65
In base 12, what is 9095 + -4?
9091
In base 10, what is 138176 + -42?
138134
In base 4, what is 22 + 11?
33
In base 14, what is -3d - 588?
-5c7
In base 6, what is 113000041 - -3?
113000044
In base 15, what is 92 + -5bd9?
-5b47
In base 16, what is -2de25 - -1?
-2de24
In base 13, what is 122c + 0?
122c
In base 15, what is -e5924 + 1?
-e5923
In base 7, what is 311 + -21533?
-21222
In base 16, what is 4 - -dc9a?
dc9e
In base 9, what is 3755773 - 3?
3755770
In base 2, what is 100001111 + 10000001101111?
10000101111110
In base 5, what is -300212 + 2?
-300210
In base 10, what is -686 - 1122?
-1808
In base 8, what is 33731321 + -4?
33731315
In base 8, what is -2 - 40460?
-40462
In base 3, what is 21200110202 - 11?
21200110121
In base 5, what is -13 + -13241?
-13304
In base 9, what is -26620 + 18?
-26601
In base 16, what is -6bd + -1ab?
-868
In base 11, what is 3 + 150a3?
150a6
In base 11, what is -251 - 90?
-331
In base 5, what is 132010 - -3024?
140034
In base 3, what is -110 - -110210002?
110202122
In base 2, what is 10010100100110 - 111001?
10010011101101
In base 4, what is 1 - -3032302101?
3032302102
In base 11, what is 1518 + 296?
1803
In base 7, what is -112163 + 3?
-112160
In base 9, what is -5 + 375?
370
In base 11, what is 4 - 538779?
-538775
In base 16, what is 133 + -383?
-250
In base 16, what is 4af5 - -12?
4b07
In base 14, what is 24 + c4?
108
In base 6, what is -3412 - 1353?
-5205
In base 10, what is 5223 + -33?
5190
In base 8, what is 4707 + -13?
4674
In base 13, what is -9 + 23c251?
23c245
In base 11, what is -4aa0 + -429?
-5419
In base 5, what is 11 + 34033?
34044
In base 15, what is -55 + 127a?
1225
In base 12, what is -25 - -992?
969
In base 7, what is -144 + 2522?
2345
In base 4, what is 11 - -212212020?
212212031
In base 11, what is 30 - 16904?
-16884
In base 8, what is -55 + -1303?
-1360
In base 4, what is 131 - 113303?
-113112
In base 16, what is 4367eb + -2?
4367e9
In base 7, what is 451552 + -2?
451550
In base 9, what is 38 + 1043?
1082
In base 12, what is 1 - -4036?
4037
In base 12, what is -3 + 71368?
71365
In base 6, what is 25 + 2431?
2500
In base 16, what is 5 + -1b3cc?
-1b3c7
In base 16, what is -24b7e - -5?
-24b79
In base 16, what is -36b1 - 2?
-36b3
In base 3, what is -1002 + 110022?
102020
In base 14, what is -b2 - -17c?
aa
In base 16, what is -38b - -d3?
-2b8
In base 13, what is -34 - -4bc9?
4b95
In base 4, what is 112133130 + 11?
112133201
In base 15, what is 5bdd9 + 4?
5bddd
In base 12, what is 791a3 + 1?
791a4
In base 6, what is 3303423 + -2?
3303421
In base 9, what is 623